valuate (-12 - -5) + 1 + 3.
-3
-6 + (14 - 5) - 12
-9
Evaluate 0 - (-3 - (1 + (-11 - -2))).
-5
What is the value of 3 + -2 - 1 - -3?
3
What is -2 - (1 + (1 - 2))?
-2
Calculate 7 + -3 + 0 + (-9 - 0).
-5
What is -4 + -9 + 14 + -5?
-4
Evaluate -2 - (-5 + 7 + -3).
-1
What is 3 + (4 - 0 - -2 - 4)?
5
What is 7 + (-6 - -5) + -4?
2
What is 9 + -4 + -3 + -1?
1
0 - (0 + 0 + -4)
4
What is (-14 - -7 - -1) + 10?
4
Evaluate (3 - 0 - 2) + -1.
0
Evaluate 6 + (-1 - -7 - 9) + -4.
-1
What is (-1 + -5 - (11 - 19)) + 0?
2
Evaluate 1 - (0 - -7) - (0 - 1).
-5
What is (8 - (-4 - (-8 + 2))) + -7?
-1
Calculate 26 + -25 + (-5 - -2).
-2
Evaluate -12 - (4 + -13) - (-1 + 0).
-2
Calculate -1 + 2 - (-3 + 6) - -1.
-1
What is the value of -8 + 1 - (-26 + 20)?
-1
What is (12 - 10) + (4 - 2)?
4
What is the value of (6 - (5 + (2 - 3))) + 0?
2
What is the value of 13 - 17 - (-4 - 2 - 4)?
6
What is (-6 - -10) + 5 - (-2 - -8)?
3
What is the value of 0 + (1 - 2 - (1 - -3))?
-5
What is the value of 1 + -7 - (34 + -16 + -17)?
-7
Calculate 3 + -5 + 10 + -2.
6
Calculate 6 + (-4 - (1 + (-2 - -1))).
2
Calculate -14 + -7 + 9 - -6.
-6
What is -4 - (-10 + -2 + 4)?
4
Calculate 0 + (4 - (5 + -3 + -1)).
3
Calculate 1 + -14 + 2 + (-21 - -24).
-8
Calculate 9 + (-6 - (-6 - -7)).
2
What is the value of (-2 - -2) + (1 - (3 + -6))?
4
What is -5 + 0 + (-30 - -31)?
-4
Calculate 1 + 5 + (16 + -7 - 11).
4
What is the value of 0 + -2 - (-4 + 7)?
-5
What is the value of 4 + 1 - (-5 + (4 - -3))?
3
Calculate (-5 - 3) + 15 + -2.
5
Calculate -2 + 1 + -4 + (-16 - -26).
5
What is the value of 8 + (1 - 2) - (-48 + 46)?
9
-5 + -7 + 10 + 7
5
Calculate (4 - 9) + 2 + -4 + 2.
-5
Evaluate (-2 - -3 - 11) + 11.
1
What is the value of 3 - 0 - ((4 - -2) + -5)?
2
Evaluate -5 + (10 - 13) - 0.
-8
Calculate 7 + 4 + -3 - (6 - 2).
4
What is the value of 6 - 5 - (1 - -2 - 6)?
4
-8 + 2 - (-10 - -7)
-3
What is the value of 2 + (-6 - (-5 - (6 - 11)))?
-4
Calculate 0 - -4 - (2 - 2).
4
1 + 5 + -5 + 2 + -1
2
What is the value of 3 - 2 - (-10 + 6)?
5
1 - 0 - (2 - 1 - 3)
3
What is the value of (12 - 5) + -17 - -11?
1
Evaluate 4 - (1 - (3 - (-7 + 12))).
1
What is -4 + 0 + (1 - -5)?
2
Evaluate (3 - (-20 - -6) - 9) + -2.
6
What is the value of (-2 - (2 - 4)) + -1 + 3?
2
Evaluate 0 + 0 + 0 - (-8 - -3).
5
What is the value of -1 - (-3 + 3) - 2?
-3
19 - 12 - (4 - -8)
-5
What is 2 + -1 - (-8 - -8)?
1
What is the value of -4 + -1 - -1 - 0?
-4
61 + -66 - (-4 - 1)
0
Calculate -3 - ((-2 - -13) + 2 + -8).
-8
-1 + -6 + 2 + 9
4
What is 3 + (-3 - 0) + (-2 - 3)?
-5
Calculate -8 - (-1 - (7 - 8 - 2)).
-10
What is 5 + (4 - (8 - 7))?
8
What is the value of -3 - (-8 - -10 - (0 - -4))?
-1
What is the value of 13 + 0 + -11 + 4?
6
Calculate (-11 - 2 - -7) + -4.
-10
Calculate 1 - (0 + 4 + -2).
-1
What is 3 + (4 - 6) + -4?
-3
What is 0 + (-20 - -12) - (-5 - 1)?
-2
Calculate 5 + -1 + (-69 - -61).
-4
Evaluate 2 + 4 + -8 + (0 - 2).
-4
Calculate 3 - (-3 - (-3 + -6)).
-3
What is 7 - (1 + (-5 - -1) + 0)?
10
Calculate (-2 - -4) + -6 + 2.
-2
6 + -14 + (7 - 0) + 5
4
What is the value of -2 + (1 - (-7 + 13))?
-7
What is -12 - (-8 - 9) - 12?
-7
Calculate 0 - (-3 + 7 + -2).
-2
What is the value of 4 + 4 + -4 + 6 - 4?
6
Evaluate 2 + 4 + -1 + (8 - 10).
3
8 + -3 + 2 + -3
4
What is the value of -5 + 1 - (3 - 10)?
3
Calculate 4 - (-1 - (0 - 10)).
-5
What is (8 - (24 + -13)) + 7?
4
What is the value of (1 - -2 - 1) + 0 + 1?
3
0 + -1 + (2 - -4) + -9
-4
Evaluate -5 - 0 - (0 - 2).
-3
0 + (5 - 0 - 3 - -2)
4
3 - 1 - -4 - (1 + -2)
7
What is the value of -7 - 1 - (-7 + 8 + -4)?
-5
Evaluate -6 + -14 + 8 + 9.
-3
Evaluate 0 + 3 + (6 + -9 - 3).
-3
Evaluate (1 - (0 - -4)) + (5 - 0).
2
What is the value of -1 - (-3 + -2) - (-2 + 2)?
4
(2 - (17 - 11)) + (4 - 0)
0
What is 61 + -66 + 11 + 2 + 3?
11
What is 10 + -1 + -8 + 2?
3
Calculate -5 + 1 - (13 - (2 - -12)).
-3
Calculate 6 + -1 + 1 + -2.
4
Evaluate 0 + 2 + 6 + (-1 - 4).
3
Evaluate (2 - (3 + 1)) + 6 + -3.
1
(-4 - -3) + 4 - (1 + 6)
-4
1 + -2 - (10 + -21 - -11)
-1
Calculate 4 + (5 - 8) + 1.
2
Calculate -1 + (-1 - (2 + -1)).
-3
6 + -11 + 9 + -5
-1
Calculate -13 - (-5 - (1 + (5 - 7))).
-9
Calculate -2 + -1 + (1 - -6) - 0.
4
-4 - (6 - 8) - 5
-7
0 + (-3 - ((-4 - -3) + -1))
-1
Evaluate 1 + -4 + 2 + -4.
-5
What is (5 - (10 - -2 - 6)) + 6?
5
Evaluate 0 - ((-3 - -14 - 4) + -1).
-6
Evaluate 30 + -33 - (8 + (1 - 4)).
-8
What is -23 + 14 + -4 + 21?
8
What is the value of -15 + 6 + (-4 + 9 - 3)?
-7
Calculate 0 - (-2 - (-3 - -7)).
6
-5 + (6 - -13) + -9
5
9 + -5 - (0 - -8)
-4
Calculate 5 + (-4 - -8) + (-3 - 2).
4
What is the value of -6 + -3 + (-1 - -8) + -1?
-3
Evaluate 1 - (-2 + 6 + (0 - -1)).
-4
(-2 - (2 - 5)) + -1
0
-2 + 0 + 2 - 2 - -5
3
What is 11 + -13 + (2 - 3) - 4?
-7
4 - (0 - (-4 + 3)) - 0
3
(4 - -13) + (-8 - 0)
9
Calculate -5 - (-13 + 10 - -8).
-10
-5 - -2 - (-2 + 4 + 0)
-5
4 + (-4 - 9 - -4)
-5
1 - 0 - (-35 + 34)
2
Calculate 1 - -3 - (-10 + 4 - -2).
8
(27 - (3 - -1)) + -8 + -7
8
Evaluate 6 - ((-6 - (2 - 8)) + 0).
6
-2 - (10 - (6 + -2))
-8
Calculate 10 + -11 + -1 + -2.
-4
Evaluate (2 - 1) + -2 + -1 - -3.
1
What is the value of 3 + -4 + (-18 - -10)?
-9
70 + -71 - ((4 - -1) + -3)
-3
1 - (3 + 4 + -4 + -8)
6
Evaluate 0 - (0 - -4) - (-6 + 2).
0
Evaluate -16 - -15 - (5 + -1).
-5
What is 44 + -56 + (1 - -5)?
-6
What is the value of -2 + -1 + 7 - 4?
0
Calculate 1 + 2 - (11 - -6 - 14).
0
What is the value of -6 + 2 + 12 + -8?
0
What is the value of 1 + 1 + 8 + -5?
5
Evaluate -6 + -4 + 14 - (5 + 1).
-2
What is the value of ((0 - -2) + -3 - 1) + 3?
1
Calculate (-19 - (-9 + -4)) + 12.
6
What is (8 - 3) + (0 - (-1 - -2))?
4
What is 5 + (-6 - (-1 + 5 + -6))?
1
What is the value of 0 + 2 + -6 + 8 + -1?
3
What is the value of 4 - (4 + (-5 - (3 - 3)))?
5
What is 0 - (-2 + 5 + 6 + -12)?
3
Evaluate 0 + -3 + 1 + -4.
-6
Calculate (-1 - 3) + 4 + (-9 - -4).
-5
What is the value of (-2 + 9 - 2) + -10?
-5
What is -4 + 3 + (1 - 3)?
-3
Calculate (6 - -9) + -10 + -4.
1
What is (-2 - -12) + -2 + -3 - 5?
0
Evaluate 2 + (-9 + 10 - (0 + -1)).
4
What is the value of -2 + (-1 + -2 + 3 - -2)?
0
Calculate 18 + -18 - (9 + -3).
-6
Evaluate (7 - 5) + 1 + (3 - 8).
-2
Calculate 7 - (-3 + 4) - (-3 - -6).
3
Evaluate (-5 + 8 - 4) + 2.
1
Calculate 20 + -1 + -10 - 4.
5
What is the value of -5 + 5 + -7 + 5?
-2
What is 4 + -8 - -8 - 6?
-2
What is 5 - (-4 - -1) - 15?
-7
What is the value of (-5 - -5) + 0 + 2 + -1?
1
-1 - 3 - (0 - 0 - 6)
2
What is (-5 - 3) + 7 + -1 + -2?
-4
Calculate 13 + -17 + (-1 - -8).
3
What is the value of 1 - (-9 + (-2 - -8))?
4
5 + (2 - (1 + 1)) - 5
0
-3 + (8 + -11 - -2)
-4
What is the value of -10 - (5 - 11) - (-5 - 0)?
1
Calculate 1 + (-7 - -11) + 1.
6
What is the value of (0 - 7) + 4 - (-4 - -9)?
-8
What is the value of 1 + (4 - (-4 - -7))?
2
What is the value of 0 + -2 + -1 + 27 + -19?
5
What is the value of 2 + -3 - -5 - -3?
7
Calculate 2 - (-6 - -3) - 3.
2
(-5 - 4) + 2 + 2
-5
4 - (-1 + -2 + 10)
-3
What is -1 + (-3 - -1) + -1?
-4
What is the value of 6 + -4 + -2 - 3?
-3
What is the value of 0 + -7 - (90 + -98)?
1
What is (1 - 6) + 9 + -9 + 1?
-4
Calculate -4 + 1 + (0 - 5) + 13.
5
Calculate 3 + (-8 - 0 - -7).
2
What is the value of 0 + 3 - (5 - -1) - -1?
-2
What is the value of (-5 - (-4 + 0 + -5)) + -8?
-4
10 + (-5 - (-2 + 8 - 5))
4
1 + -7 - (-3 - 1)
-2
0 + -5 + -4 + 6
-3
What is the value of -5 - (4 + (2 - (1 + 11)))?
1
What is (-1 - (0 - -1)) + 5?
3
Calculate 1 + -3 + (-1 - -6 - 7).
-4
What is (2 - -2 - 2) + (-11 - -10)?
1
Calculate 10 - 5 - (5 + (-9 - -5)).
4
What is the value of 4 + (0 - (-4 - -10))?
-2
Calculate -1 + 2 + (-5 - -7) + -1.
2
What is the value of 5 + -1 + -1 + (4 - 6)?
1
Evaluate 1 + 0 + (7 - 5).
3
What is the value of 6 - ((-3 - -5) + 2)?
2
Evaluate -1 - (1 + -5 + 0).
3
(4 - 9) + 7 - 4
-2
Evaluate 7 - (-1 - 3) - (2 - -4).
5
Evaluate 0 + 7 - (115 - 116).
8
What is (4 + -7 - -1) + 1?
-1
-8 - (8 + -14) - 1
-3
What is -27 - (4 - 16) - -6?
-9
What is (136 - 124) + (-18 - -1)?
-5
Calculate 0 + (-2 - 1) + 4.
1
7 + 1 + -4 - (-3 - -6)
1
Calculate -1 + (2 - 0) + (3 - 8).
-4
What is -2 - (-1 + (-1 - -4))?
-4
Calculate (1 - (-1 + 2)) + 6 + -4.
2
1 + 0 - (12 - 15)
4
Evaluate 1 - (1 - 2 - 1) - 5.
-2
Calculate (1 - 2) + -13 + 18.
4
(2 - (5 - 2)) + 8 + -4
3
What is 11 - 4 - 3 - (18 - 13)?
-1
What is the value of (0 - (-6 - -9)) + (2 - 5)?
-6
Evaluate -3 + (-6 - -1)